pose s*m - 682 = -2*c, -3*m - 2*c + 1027 = -c. What are the prime factors of m?
7
Let y be (-2)/8 + (-247)/(-76). Suppose -1488 - 736 = -2*n + y*m, -n + 1117 = m. List the prime factors of n.
5, 223
Let x(a) = 136*a + 2. Let u be x(2). Suppose -u = 10*k - 3984. List the prime factors of k.
7, 53
Let w = 48 + -49. Let c be (-1 - 1) + w + 2. List the prime factors of (414/24)/(c/((-8)/3)).
2, 23
Suppose 1 = -3*i - 5, -16 = 4*y - 4*i. Let m(f) = 2*f + 19. Let d be m(y). Suppose -d*w = 288 - 1051. List the prime factors of w.
109
Let z = 26642 - 2324. What are the prime factors of z?
2, 3, 7, 193
Let b(i) = -6328*i - 13640. List the prime factors of b(-5).
2, 3, 5
Let w be (1/2*13)/((-4)/(-296)). Suppose -2*x + 487 = -w. What are the prime factors of x?
2, 11
Let j = -829 - -341. Let f = j - -315. Let y = 317 + f. List the prime factors of y.
2, 3
Let h = 2126 - -2666. List the prime factors of h.
2, 599
What are the prime factors of (-6)/(-8) - 3506373/(-468)?
59, 127
Let o be -1 + (2/6 - 55944/(-81)). Suppose 20*q - 2870 = -o. List the prime factors of q.
109
Suppose -8*c + 34020 + 211495 - 8691 = 0. List the prime factors of c.
7, 4229
Let z(g) = -5*g**3 - 7*g**2 + 18*g - 8. Let i = 40 + -34. Let v(r) = -r**3 + r**2 + r. Let y(x) = i*v(x) - z(x). List the prime factors of y(12).
2
Suppose 8 = -3*p - 4. Let j(x) = 19*x**2 + 6*x + 25. List the prime factors of j(p).
5, 61
Let w(v) = -17*v**3 - 253*v**2 - 199*v - 21. Let q(o) = -4*o**3 - 63*o**2 - 50*o - 6. Let x(i) = -9*q(i) + 2*w(i). What are the prime factors of x(-29)?
13, 79
Let h(y) = -y**2 - 45*y - 95. What are the prime factors of h(-25)?
3, 5
Suppose 24*b + 83620 = 34*b. What are the prime factors of b?
2, 37, 113
Suppose 5*l + 4*v = 118072, 4*l - 80067 = 4*v + 14441. List the prime factors of l.
2, 5, 1181
Let u = -370 - -929. Suppose 0 = -5*j, a = -3*j + u - 28. List the prime factors of a.
3, 59
Let i = -640 - -636. What are the prime factors of i/(-6) + (-19740)/(-36)?
3, 61
Let u = -24719 - -45622. What are the prime factors of u?
20903
Let f(q) = -q**3 - 35*q**2 - 29*q + 21. Let h be f(-34). Let l = h - -507. What are the prime factors of l?
2, 179
Suppose 25*b - 7048 + 398 = 0. Let m = 12 + b. What are the prime factors of m?
2, 139
What are the prime factors of (-27 - -19) + 4*787 + -9?
31, 101
Let h be ((-95)/(-25) + -5)*-10. Suppose -4 + h = p. Suppose -p*g - 130 = -10*g. What are the prime factors of g?
5, 13
Let k be (-54)/(-7) - (-1)/((-28)/(-8)). Let c be 65/(-10)*(k - 2). Let f = c + 98. What are the prime factors of f?
59
Suppose -97767 = -30*r + 3*r. Suppose -8*a + r = 773. List the prime factors of a.
2, 89
Let p(u) = 661*u**2 + 43*u - 2. What are the prime factors of p(5)?
2, 8369
Let i(l) = l**3 - l + 72. Let z be i(0). Suppose 7*b - 8*b = -z. Let j = 157 - b. List the prime factors of j.
5, 17
Let o = 91 - 108. Let k(t) = -t**3 - 16*t**2 - 4*t - 5. List the prime factors of k(o).
2, 11
Let b = 7535 - -2219. What are the prime factors of b?
2, 4877
Let v = -1100 - -361. Let x = -425 - v. List the prime factors of x.
2, 157
Let n(w) = 8*w**2 - 3*w. Let j be n(1). Suppose -3*q - 5*u = -56, 0*q = -5*q + j*u + 40. What are the prime factors of q?
2, 3
Suppose 0 = 6*d - 5 - 7. Suppose 8 = d*h - 4*j, -j + 5 = -6*j. Suppose 4*t + 2*n - 542 = 0, 42 + 227 = h*t + 3*n. What are the prime factors of t?
2, 17
Let t be (-309162)/(-170) + (-3)/5. Suppose n + 2262 = 5*l, 0 = 4*l - n - 4*n - t. List the prime factors of l.
2, 113
Suppose -2*n = -2*f + 10, -29 = 5*n - 4*f - 2. Let p(a) = 38*a + 49. Let h be p(n). Let w = h - -399. What are the prime factors of w?
2, 7, 13
Suppose 5*p = -2*u + 2514, 3*p - 4*p - 4*u = -492. Suppose -2*o = 6*o + p. Let d = -45 - o. List the prime factors of d.
2, 3
Let n(y) = y**2 + y + 6. Suppose 2*z + 4*t + 70 = 5*z, 26 = z - 4*t. List the prime factors of n(z).
2
Suppose -3*o = 2 + 4. Suppose -4*a - 4*j + 28 = 0, -5*a - 44*j + 56 = -46*j. List the prime factors of o*(-183)/a + (-4)/(-10).
37
Suppose 0 = -3*l - 5*o + 1775, 3*l - 37*o - 1807 = -38*o. List the prime factors of l.
5, 11
Let t(s) = -986*s**3 + s**2 + 5*s + 3. Suppose -81 = 9*g - 72. List the prime factors of t(g).
5, 197
Let n be (-2747)/(-15) - (-6)/(-45). Let x = 646 - n. What are the prime factors of x?
463
Suppose -9*u + u = -2*u. Suppose u = 9*n - 98 - 19. What are the prime factors of n?
13
Let r(u) be the third derivative of -u**6/120 - u**5/20 - u**4/24 + 2*u**3/3 + 21*u**2. Let j be r(-2). Suppose -j*v - v = -180. List the prime factors of v.
2, 3, 5
Let j(d) = d**2 + 12*d + 1. Let u be j(-9). Let x be (u/(-14) - 1)/((-2)/(-392)). Suppose -3*s + 114 = -x. List the prime factors of s.
2, 47
Let g(d) = 579*d**2 - 308*d - 2083. What are the prime factors of g(-7)?
2, 13, 547
Suppose 0 = 52*q - 244439 - 29289. What are the prime factors of q?
2, 7, 47
Let x = 132349 + -88245. List the prime factors of x.
2, 37, 149
What are the prime factors of 18646 - (40 - 18)/2?
5, 3727
List the prime factors of (-1609)/(((-645)/90)/43).
2, 3, 1609
Suppose 2*p + 0 - 2 = 0, 0 = -u + 2*p. Suppose u*d = j + 122, 3*d - 3*j - 283 = -97. What are the prime factors of d*(-6 + 4)/(-6)?
2, 5
Let i = -2329 - -11356. List the prime factors of i.
3, 17, 59
Suppose 5 = -v, -5*r + 26*v + 51260 = 22*v. List the prime factors of r.
2, 3, 7, 61
Let a(u) = -11*u + 22. Suppose 3*z + 88 = -3*o + 7*z, -195 = 5*o + 3*z. What are the prime factors of a(o)?
2, 11, 19
Let g(q) = q**3 + 11*q**2 + 18*q - 4. Let o be g(-9). Let s be 7/(-1) - o - 86. Let r = -36 - s. List the prime factors of r.
53
Suppose -5*p + 2*s + 5 = -3, -16 = 2*p + 4*s. Suppose 4*h - 570 - 1098 = p. What are the prime factors of h?
3, 139
Let k(z) = 7*z + 43. Let b be k(0). Let c = 68 + -102. Let u = b + c. What are the prime factors of u?
3
Suppose 0 = l + 2*m - 5735, 3*l = -2*m + 15886 + 1339. List the prime factors of l.
3, 5, 383
Suppose 5*g + 5*y + 4 = 14, -y - 10 = -5*g. Suppose 2*h = -d + 5*h + 923, 0 = g*d - 3*h - 1846. What are the prime factors of d?
13, 71
Let d be 0 - -3*(-2)/(-3). Let w(z) = z + 14*z**2 - 3*z + 3 - 11*z**2 + 8*z**3 - 4*z**2. List the prime factors of w(d).
59
Suppose 3*h = -4*n + 12, 5*n - h + 6*h = 15. Let v be (-89 - 5)/(-2 + n). Let u = -37 - v. List the prime factors of u.
3, 19
Suppose -103400 = 145*i - 289*i + 134*i. What are the prime factors of i?
2, 5, 11, 47
Suppose 0 = 5*l - 4*r - 0*r - 631, -2*l = -2*r - 252. Suppose 118*v - l*v = -1278. What are the prime factors of v?
2, 71
Let u(c) = -1384 + c + 111*c**2 + 1385 + 0*c. List the prime factors of u(-1).
3, 37
List the prime factors of 3 + (-3 - -1769)*(155/2)/5.
2, 29, 59
List the prime factors of 3586 + -16 + (44 - 12).
2, 1801
List the prime factors of (-30)/(-8) - (-74643742)/1016.
2, 7, 41
Suppose 2576*c - 2575*c - 289 = 0. Suppose -292*n = -c*n - 5022. List the prime factors of n.
2, 3, 31
Suppose 4410 = -10*r - 5*r. Let s = r - -1260. What are the prime factors of s?
2, 3, 7, 23
Let x(h) be the first derivative of 38*h + 11/2*h**2 + 38. List the prime factors of x(18).
2, 59
Suppose 2*l = 3*r - 31961, 120*r - 118*r - l = 21308. List the prime factors of r.
5, 2131
What are the prime factors of ((-60)/100)/((-39)/828230)?
2, 23, 277
Let i be -13 + -8 + 16 - 8. Let l(w) = -15*w + 182. What are the prime factors of l(i)?
13, 29
Let x = -23835 - -33698. List the prime factors of x.
7, 1409
Suppose -10 = -2*g - 4*a, 3*g - g - 2 = -2*a. Let s(z) = -7*z**3 + 5*z**2 + 2*z - 4. Let n be s(g). Let b = n - 17. What are the prime factors of b?
3, 23
Let u = 797 + 6171. List the prime factors of u.
2, 13, 67
Let a be 17/7 + 32/56. What are the prime factors of (-44 - (-3)/a)/((-2)/10)?
5, 43
Suppose -3*w + f - 5214 = -32037, f = -4*w + 35778. What are the prime factors of w?
3, 11, 271
Let k(w) = 495*w + 1639. List the prime factors of k(7).
2, 11, 29
Suppose -1416*b + 10028854 = -1214*b - 6274970. List the prime factors of b.
2, 3, 19, 59
Let m = 2520 + 3922. List the prime factors of m.
2, 3221
Suppose 2*d + 80 = -2*s + 830, -3*s = -4*d - 1132. Let w = 1032 - s. List the prime factors of w.
2, 41
Let s(v) = -v**3 - 2*v**2 - 6*v - 13. Suppose 4*h + 3*t = h - 18, -h = -4*t + 6. List the prime factors of s(h).
167
Let z = 83 + -87. Let y be z/(-5) + (1 + -2)/(-5). L